{"id":446,"date":"2021-03-11T17:45:33","date_gmt":"2021-03-11T22:45:33","guid":{"rendered":"https:\/\/fmahaiti.org\/site\/?page_id=446"},"modified":"2021-03-11T19:57:29","modified_gmt":"2021-03-12T00:57:29","slug":"sdb","status":"publish","type":"page","link":"https:\/\/fmahaiti.org\/site\/famille-salesienne\/sdb\/","title":{"rendered":"Les Sal\u00e9siens de Don Bosco"},"content":{"rendered":"<p><img data-recalc-dims=\"1\" loading=\"lazy\" decoding=\"async\" src=\"https:\/\/i0.wp.com\/fmahaiti.org\/site\/wp-content\/uploads\/2021\/03\/sdb-logo.png?resize=239%2C300&#038;ssl=1\" alt=\"\" width=\"239\" height=\"300\" class=\"alignleft size-medium wp-image-456\" srcset=\"https:\/\/i0.wp.com\/fmahaiti.org\/site\/wp-content\/uploads\/2021\/03\/sdb-logo.png?resize=239%2C300&amp;ssl=1 239w, https:\/\/i0.wp.com\/fmahaiti.org\/site\/wp-content\/uploads\/2021\/03\/sdb-logo.png?w=400&amp;ssl=1 400w\" sizes=\"auto, (max-width: 239px) 100vw, 239px\" \/>Part d&rsquo;un institut religieux de droit pontifical, consacr\u00e9 aux \u0153uvres apostoliques fond\u00e9 par Saint Jean Bosco le 8 d\u00e9cembre 1859 \u00e0 Turin (Italie) avec 17 jeunes d\u00e9sireux de se consacrer \u00e0 Dieu tout en s\u2019adonnant \u00e0 l\u2019\u00e9ducation de jeunes pauvres et abandonn\u00e9s, les Sal\u00e9siens sont des membres consacr\u00e9s d&rsquo;une Soci\u00e9t\u00e9 nomm\u00e9e apr\u00e8s Saint Fran\u00e7ois de Sales. Cette derni\u00e8re est pourtant plus connue sous le nom de Congr\u00e9gation sal\u00e9sienne ou simplement de Sal\u00e9siens.<\/p>\n<p>Avec une pr\u00e9sence sur tous les continents, les sal\u00e9siens continuent aujourd\u2019hui sur les sillons de Don Bosco. Ils sont actuellement dans le monde 15.502 avec \u00e9v\u00e9ques y novices. Ils sont pr\u00e9sents sur les cinq continents, dans 132 pays. Leurs \u0153uvres sont r\u00e9parties en R\u00e9gions, Provinces et \u0153uvres locales. Il y a 8 R\u00e9gions comptant 90 Provinces. ( voir les sal\u00e9siens dans le monde : <a href=\"\/\/www.sdb.org\/\">http:\/\/www.sdb.org\/<\/a>).<span id=\"more-123\"><\/span><\/p>\n<p>Au niveau mondial, la soci\u00e9t\u00e9 de Saint Fran\u00e7ois de Sales est anim\u00e9e par un conseil g\u00e9n\u00e9ral sous la direction d&rsquo;un Recteur Majeur, successeur de Don Bosco. Ce dernier se nomme <a href=\"https:\/\/www.sdb.org\/en\/Don_Bosco\/Successors\/Fr_%C3%81ngel_Fern%C3%A1ndez_Artime\">P. \u00c1ngel Fern\u00e1ndez Artime<\/a>. Il est le 10\u00e8 successeur de Don Bosco.<\/p>\n<p>Ils se sont \u00e9tablis en Ha\u00efti en 1936. Ils comptent actuellement 10 Communaut\u00e9s dans 5 d\u00e9partements g\u00e9ographiques avec une soixantaine de confr\u00e8res et deux \u00e9v\u00eaques.<\/p>\n<p><span style=\"color: #ff0000;\"><strong>Voir:<\/strong><\/span> <a href=\"https:\/\/www.salesienshaiti.org\/\">Page Web des sal\u00e9siens d\u2019Ha\u00efti<\/a><\/p>\n","protected":false},"excerpt":{"rendered":"<p>Membres d\u2019un institut religieux de droit pontifical, consacr\u00e9 aux \u0153uvres apostoliques fond\u00e9 par Saint Jean Bosco le 8 d\u00e9cembre 1859 \u00e0 Turin (Italie) avec 17 jeunes d\u00e9sireux de se consacrer \u00e0 Dieu tout en s\u2019adonnant \u00e0 l\u2019\u00e9ducation de jeunes pauvres et abandonn\u00e9s&#8230;<\/p>\n","protected":false},"author":1,"featured_media":0,"parent":439,"menu_order":1,"comment_status":"closed","ping_status":"closed","template":"","meta":{"footnotes":""},"class_list":["post-446","page","type-page","status-publish","hentry"],"jetpack_sharing_enabled":true,"jetpack_shortlink":"https:\/\/wp.me\/PcR5kd-7c","jetpack-related-posts":[{"id":1935,"url":"https:\/\/fmahaiti.org\/site\/education\/carte-didentite-de-lecole-salesienne-en-amerique\/","url_meta":{"origin":446,"position":0},"title":"Carte d&rsquo;identit\u00e9 de l&rsquo;\u00e9cole sal\u00e9sienne en Am\u00e9rique","author":"Sr Martha Seide","date":"7 ao\u00fbt 2021","format":false,"excerpt":"L\u2019\u00c9cole Sal\u00e9sienne am\u00e9ricaine, pr\u00e9sente sur tout le continent, est compos\u00e9e des \u00e9coles des Provinces am\u00e9ricaines, organis\u00e9es en quatre r\u00e9gions: Nous d\u00e9veloppons notre mission au Canada, aux \u00c9tats-Unis d\u2019Am\u00e9rique et dans tous les pays d\u2019Am\u00e9rique latine, avec une pr\u00e9sence \u00e9ducative de plus de 900 \u00e9coles et Centres de Formation Technique professionnelle,\u2026","rel":"","context":"Article similaire","block_context":{"text":"Article similaire","link":""},"img":{"alt_text":"","src":"https:\/\/i0.wp.com\/fmahaiti.org\/site\/wp-content\/uploads\/2021\/08\/carte-didentite-de-lecole-salesienne-en-Amerique.jpg?fit=952%2C415&ssl=1&resize=350%2C200","width":350,"height":200,"srcset":"https:\/\/i0.wp.com\/fmahaiti.org\/site\/wp-content\/uploads\/2021\/08\/carte-didentite-de-lecole-salesienne-en-Amerique.jpg?fit=952%2C415&ssl=1&resize=350%2C200 1x, https:\/\/i0.wp.com\/fmahaiti.org\/site\/wp-content\/uploads\/2021\/08\/carte-didentite-de-lecole-salesienne-en-Amerique.jpg?fit=952%2C415&ssl=1&resize=525%2C300 1.5x, https:\/\/i0.wp.com\/fmahaiti.org\/site\/wp-content\/uploads\/2021\/08\/carte-didentite-de-lecole-salesienne-en-Amerique.jpg?fit=952%2C415&ssl=1&resize=700%2C400 2x"},"classes":[]},{"id":494,"url":"https:\/\/fmahaiti.org\/site\/famille-salesienne\/coop\/","url_meta":{"origin":446,"position":1},"title":"Sal\u00e9siens Coop\u00e9rateurs et Coop\u00e9ratrices","author":"fmahaiti","date":"11 mars 2021","format":false,"excerpt":"L\u2019Association des Sal\u00e9siens Coop\u00e9rateurs et Coop\u00e9ratrices est fond\u00e9e par Don Bosco en 1841. Elle est l\u2019un des groupes composant la Famille Sal\u00e9sienne, avec la Soci\u00e9t\u00e9 de Saint Fran\u00e7ois de Sales, l\u2019Institut des Filles de Marie Auxiliatrice et d\u2019autres groupes reconnus officiellement.\u00a0 Approuv\u00e9e par le Saint-Si\u00e8ge comme Association publique de fid\u00e8les,\u2026","rel":"","context":"Article similaire","block_context":{"text":"Article similaire","link":""},"img":{"alt_text":"","src":"https:\/\/i0.wp.com\/fmahaiti.org\/site\/wp-content\/uploads\/2021\/03\/cooperateur-2019-300x202.jpg?resize=350%2C200&ssl=1","width":350,"height":200},"classes":[]},{"id":224,"url":"https:\/\/fmahaiti.org\/site\/origine\/fondateurs\/","url_meta":{"origin":446,"position":2},"title":"Nos Fondateurs","author":"fmahaiti","date":"7 mars 2021","format":false,"excerpt":"Profils de nos fondateurs: Saint Jean Bosco, le 16 aout 1815, dans un petit village pr\u00e8s de Turin (Italie) et d\u00e9c\u00e9d\u00e9 le 31 janvier 1888 \u00e0 Turin, et Sainte Marie Dominique Mazzarello, n\u00e9e le 9 mai 1837 \u00e0 Mornese (Italie) et d\u00e9c\u00e9d\u00e9e le 14 mai 1881 \u00e0 Nizza Monferrato (Italie)...","rel":"","context":"Article similaire","block_context":{"text":"Article similaire","link":""},"img":{"alt_text":"Photo de Dominique Mazzarello","src":"https:\/\/i0.wp.com\/fmahaiti.org\/images\/mazzarello.jpg?resize=350%2C200&ssl=1","width":350,"height":200},"classes":[]},{"id":439,"url":"https:\/\/fmahaiti.org\/site\/famille-salesienne\/","url_meta":{"origin":446,"position":3},"title":"La Famille sal\u00e9sienne","author":"fmahaiti","date":"11 mars 2021","format":false,"excerpt":"Famille aux ramifications nombreuses, la famille sal\u00e9sienne fut fond\u00e9e par Don Bosco lui-m\u00eame qui a voulu que chacune de ses composantes ait sa propre physionomie et ses propres activit\u00e9s tout en\u00a0 restant fortement unies par le partage de l\u2019esprit sal\u00e9sien, le v\u00e9cu d\u2019un m\u00eame id\u00e9al missionnaire cultivant la collaboration en\u2026","rel":"","context":"Article similaire","block_context":{"text":"Article similaire","link":""},"img":{"alt_text":"","src":"","width":0,"height":0},"classes":[]},{"id":339,"url":"https:\/\/fmahaiti.org\/site\/nos-communautes\/","url_meta":{"origin":446,"position":4},"title":"Nos Communaut\u00e9s","author":"fmahaiti","date":"9 mars 2021","format":false,"excerpt":"Les Filles de Marie Auxiliatrice d\u2019Ha\u00efti animent 18 communaut\u00e9s \u00e9ducatives avec une pr\u00e9sence dans 8 des 10 d\u00e9partements de la R\u00e9publique d'Haiti et en Guadeloupe (Saint-Martin \u2013 Marigot)...","rel":"","context":"Article similaire","block_context":{"text":"Article similaire","link":""},"img":{"alt_text":"","src":"https:\/\/i0.wp.com\/fmahaiti.org\/site\/wp-content\/uploads\/2024\/12\/IMG-20240201-WA0018-300x225.jpg?resize=350%2C200&ssl=1","width":350,"height":200},"classes":[]},{"id":213,"url":"https:\/\/fmahaiti.org\/site\/origine\/","url_meta":{"origin":446,"position":5},"title":"Qui sommes-nous?","author":"fmahaiti","date":"7 mars 2021","format":false,"excerpt":"Page sur l'origine des Filles de Marie Auxiliatrice, une congr\u00e9gation de droit pontifical, pour l'\u00e9ducation de la jeunesse, fond\u00e9e en Italie par Saint Jean Bosco (1815-1888) et Sainte Marie Dominique Mazzarello ( 1837-1872). Les Filles de Marie Auxiliatrice sont surtout connues en Haiti sous le nom de \u00ab\u00a0S\u0153urs Sal\u00e9siennes\u00a0\u00bb...","rel":"","context":"Article similaire","block_context":{"text":"Article similaire","link":""},"img":{"alt_text":"Photo de Dominique Mazzarello","src":"https:\/\/i0.wp.com\/fmahaiti.org\/images\/mazzarello.jpg?resize=350%2C200&ssl=1","width":350,"height":200},"classes":[]}],"_links":{"self":[{"href":"https:\/\/fmahaiti.org\/site\/wp-json\/wp\/v2\/pages\/446","targetHints":{"allow":["GET"]}}],"collection":[{"href":"https:\/\/fmahaiti.org\/site\/wp-json\/wp\/v2\/pages"}],"about":[{"href":"https:\/\/fmahaiti.org\/site\/wp-json\/wp\/v2\/types\/page"}],"author":[{"embeddable":true,"href":"https:\/\/fmahaiti.org\/site\/wp-json\/wp\/v2\/users\/1"}],"replies":[{"embeddable":true,"href":"https:\/\/fmahaiti.org\/site\/wp-json\/wp\/v2\/comments?post=446"}],"version-history":[{"count":3,"href":"https:\/\/fmahaiti.org\/site\/wp-json\/wp\/v2\/pages\/446\/revisions"}],"predecessor-version":[{"id":460,"href":"https:\/\/fmahaiti.org\/site\/wp-json\/wp\/v2\/pages\/446\/revisions\/460"}],"up":[{"embeddable":true,"href":"https:\/\/fmahaiti.org\/site\/wp-json\/wp\/v2\/pages\/439"}],"wp:attachment":[{"href":"https:\/\/fmahaiti.org\/site\/wp-json\/wp\/v2\/media?parent=446"}],"curies":[{"name":"wp","href":"https:\/\/api.w.org\/{rel}","templated":true}]}}