{"id":224,"date":"2021-03-07T13:44:46","date_gmt":"2021-03-07T18:44:46","guid":{"rendered":"https:\/\/fmahaiti.org\/site\/?page_id=224"},"modified":"2021-03-14T13:50:24","modified_gmt":"2021-03-14T17:50:24","slug":"fondateurs","status":"publish","type":"page","link":"https:\/\/fmahaiti.org\/site\/origine\/fondateurs\/","title":{"rendered":"Nos Fondateurs"},"content":{"rendered":"<h5><strong>JEAN BOSCO [1815-1888]<\/strong><\/h5>\n<p><img data-recalc-dims=\"1\" decoding=\"async\" class=\"alignleft size-full wp-image-27\" src=\"https:\/\/i0.wp.com\/fmahaiti.org\/images\/mini-bosco.jpeg?w=843&#038;ssl=1\" alt=\"minibosc\" \/>A l\u2019origine de l\u2019histoire sal\u00e9sienne nous trouvons l`amour de Don Bosco pour les jeunes pauvres et abandonn\u00e9s. Cet amour est \u00e0 la fois le fruit d\u2019un appel myst\u00e9rieux de Dieu \u00e0 travers le songe de neuf ans, mais aussi d`un d\u00e9veloppement spirituel et pastoral.<\/p>\n<p>Jean Bosco, commun\u00e9ment appel\u00e9, Don Bosco, naqu\u00eet le 16 Ao\u00fbt 1815 aux Becchi de Castelnuovo d\u2019Asti, un village perch\u00e9 sur une des collines environnant Turin. Orphelin de p\u00e8re \u00e0 l\u2019\u00e2ge de deux ans, sa maman Marguerite, paysanne remplie de sagesse chr\u00e9tienne, devint non seulement la personne veillant \u00e0 son d\u00e9veloppement physique, mais aussi l\u2019une des premi\u00e8res pr\u00e9sences charg\u00e9es par la Providence de l\u2019aider \u00e0 pers\u00e9v\u00e9rer dans sa vocation au milieu de conditions particuli\u00e8rement difficiles.<span id=\"more-26\"><\/span><\/p>\n<p>En 1835, Jean Bosco entra au s\u00e9minaire et est ordonn\u00e9 pr\u00eatre le 5 Juin 1841. Pendant ses ann\u00e9es de s\u00e9minaire il apprit \u00e0 devenir un homme de Dieu pour les \u00e2mes et rien d`autres (da mihi animas). Il fit \u00e9galement la d\u00e9couverte des jeunes pauvres \u00e0 travers, d\u2019abord la visite aux prisons de Turin qui le remplit d`horreur, et ensuite durant sa rencontre avec l\u2019orphelin Bath\u00e9lemy Garelli dans la sacristie de l`Eglise de St Fran\u00e7ois d\u2019Assise le 8 D\u00e9cembre 1841. D\u2019un acte providentiel \u00e0 un autre, Jean Bosco s\u2019affermit dans son choix de pr\u00e9dilection pour les jeunes avec une modalit\u00e9 pr\u00e9ventive.<\/p>\n<p>La fondation des Sal\u00e9siens (reconnus par le Saint-Si\u00e8ge en 1864 et dont les Constitutions on \u00e9t\u00e9 approuv\u00e9es en 1874) et des Filles de Marie Auxiliatrice sont donc des expressions palpitantes de sa r\u00e9ponse d\u2019amour \u00e0 Celui qui, \u00e0 travers La Tr\u00e8s Sainte Vierge Marie, l\u2019a appel\u00e9 \u00e0 \u00eatre le guide et ma\u00eetre des jeunes livr\u00e9s \u00e0 eux m\u00eames.<\/p>\n<p>A sa mort survenue le 31 Janvier 1888, Don Bosco laissa une famille religieuse florissante comprenant 773 sal\u00e9siens et 393 Filles de Marie Auxiliatrice.<\/p>\n<p>L\u2019\u00c9glise reconnut officiellement avoir pris note de sa saintet\u00e9 quand, quelques deux ans apr\u00e8s sa mort, elle entama le proc\u00e8s de sa canonisation qui, en passant par sa b\u00e9atification en 1929, d\u00e9boucha, le 1er. Avril 1934 dans la grandiose c\u00e9r\u00e9monie de canonisation.<\/p>\n<p>&nbsp;<\/p>\n<h5><strong>MARIE DOMINIQUE MAZZARELLO [1837-1881]<\/strong><\/h5>\n<p><img data-recalc-dims=\"1\" loading=\"lazy\" decoding=\"async\" class=\"alignleft wp-image-50\" src=\"https:\/\/i0.wp.com\/fmahaiti.org\/images\/mazzarello.jpg?resize=183%2C203&#038;ssl=1\" alt=\"Photo de Dominique Mazzarello\" width=\"183\" height=\"203\" \/>Si Don Bosco a re\u00e7u l\u2019inspiration de l\u2019Institut des Filles de Marie Auxiliatrice et cr\u00e9a leur formule de vie en suscitant et en organisant les premi\u00e8res communaut\u00e9s, il n\u2019en a pas pour autant fait l\u2019exp\u00e9rience de la vie sal\u00e9sienne au f\u00e9minin.Cette exp\u00e9rience revint \u00e0 Marie Dominique Mazzarello et aux soeurs sal\u00e9siennes.<br \/>\nMarie Dominique Mazzarello Marie Dominique naquit le 9 Mai 1837 \u00e0 Morn\u00e8se Italie dans une famille de paysans profond\u00e9ment chr\u00e9tenne. D\u00e8s son jeune \u00e2ge, elle manifesta un temp\u00e9rement fort, dynamique et r\u00e9aliste. Son manque d`instruction du d\u00e9but a \u00e9t\u00e9 largement suppl\u00e9\u00e9 par son don d\u2019organisation et son esprit d\u2019initiative.<br \/>\nA quinze ans, elle se consacra \u00e0 Dieu en adh\u00e9rant \u00e0 la Pieuse Union de Marie Immacul\u00e9e o\u00f9 elle se distingua par son z\u00e8le. A vingt-cinq, \u00e0 peine gu\u00e9rie de la typhus, elle mit sur pied avec deux compagnes une oeuvre qui semblait de pr\u00e8s \u00e0 celle de Don Bosco.<\/p>\n<p>L\u2019arriv\u00e9e de ce dernier \u00e0 Morn\u00e8se le 8 Octobre 1864 provoqua chez Marie Dominique une impression extraordinaire. En 1867, elle quitta sa famille pour la maison de l\u2019immacul\u00e9e o\u00f9 fonctionn\u00e8rent l\u2019ouvroir et le patronnage festif qu\u2019elle avait fond\u00e9s. Dans cette nouvelle ambiance, Marie Dominique eut l\u2019opportunit\u00e9 de vivre l\u2019id\u00e9al sal\u00e9sien. Elle s\u2019adh\u00e8rera, par la suite, pleinement \u00e0 l\u2019intention de Don Bosco de cr\u00e9er un institut religieux qui prendrait soin exclusivement des jeunes filles. Cette intention se traduira en acte quand le 5 Ao\u00f9t 1872, elle et 15 autres compagnes \u00e9mettront les premiers voeux. Elle sera \u00e9lue sup\u00e9rieure g\u00e9n\u00e9rale du nouvel institut.<\/p>\n<p>Quoiqu\u2019ayant une une vie courte, Marie Dominique a pu voir fleurir et r\u00e9pandre son oeuvre en d\u2019autres parts d\u2019Italie, en France et s\u2019\u00e9tablir en Am\u00e9rique du Sud. Elle a \u00e9t\u00e9 b\u00e9atifi\u00e9e le 20 Novembre 1938 et proclam\u00e9e sainte le 24 Juin 1951.<\/p>\n","protected":false},"excerpt":{"rendered":"<p>Profils de nos fondateurs: Saint Jean Bosco, le 16 aout 1815, dans un petit village pr\u00e8s de Turin (Italie) et d\u00e9c\u00e9d\u00e9 le 31 janvier 1888 \u00e0 Turin, et Sainte Marie Dominique Mazzarello, n\u00e9e le 9 mai 1837 \u00e0 Mornese (Italie) et d\u00e9c\u00e9d\u00e9e le 14 mai 1881 \u00e0 Nizza Monferrato (Italie)&#8230;<\/p>\n","protected":false},"author":1,"featured_media":0,"parent":213,"menu_order":1,"comment_status":"closed","ping_status":"closed","template":"","meta":{"footnotes":""},"class_list":["post-224","page","type-page","status-publish","hentry"],"jetpack_sharing_enabled":true,"jetpack_shortlink":"https:\/\/wp.me\/PcR5kd-3C","jetpack-related-posts":[{"id":213,"url":"https:\/\/fmahaiti.org\/site\/origine\/","url_meta":{"origin":224,"position":0},"title":"Qui sommes-nous?","author":"fmahaiti","date":"7 mars 2021","format":false,"excerpt":"Page sur l'origine des Filles de Marie Auxiliatrice, une congr\u00e9gation de droit pontifical, pour l'\u00e9ducation de la jeunesse, fond\u00e9e en Italie par Saint Jean Bosco (1815-1888) et Sainte Marie Dominique Mazzarello ( 1837-1872). Les Filles de Marie Auxiliatrice sont surtout connues en Haiti sous le nom de \u00ab\u00a0S\u0153urs Sal\u00e9siennes\u00a0\u00bb...","rel":"","context":"Article similaire","block_context":{"text":"Article similaire","link":""},"img":{"alt_text":"Photo de Dominique Mazzarello","src":"https:\/\/i0.wp.com\/fmahaiti.org\/images\/mazzarello.jpg?resize=350%2C200&ssl=1","width":350,"height":200},"classes":[]},{"id":446,"url":"https:\/\/fmahaiti.org\/site\/famille-salesienne\/sdb\/","url_meta":{"origin":224,"position":1},"title":"Les Sal\u00e9siens de Don Bosco","author":"fmahaiti","date":"11 mars 2021","format":false,"excerpt":"Membres d\u2019un institut religieux de droit pontifical, consacr\u00e9 aux \u0153uvres apostoliques fond\u00e9 par Saint Jean Bosco le 8 d\u00e9cembre 1859 \u00e0 Turin (Italie) avec 17 jeunes d\u00e9sireux de se consacrer \u00e0 Dieu tout en s\u2019adonnant \u00e0 l\u2019\u00e9ducation de jeunes pauvres et abandonn\u00e9s...","rel":"","context":"Article similaire","block_context":{"text":"Article similaire","link":""},"img":{"alt_text":"","src":"https:\/\/i0.wp.com\/fmahaiti.org\/site\/wp-content\/uploads\/2021\/03\/sdb-logo-239x300.png?resize=350%2C200&ssl=1","width":350,"height":200},"classes":[]},{"id":339,"url":"https:\/\/fmahaiti.org\/site\/nos-communautes\/","url_meta":{"origin":224,"position":2},"title":"Nos Communaut\u00e9s","author":"fmahaiti","date":"9 mars 2021","format":false,"excerpt":"Les Filles de Marie Auxiliatrice d\u2019Ha\u00efti animent 18 communaut\u00e9s \u00e9ducatives avec une pr\u00e9sence dans 8 des 10 d\u00e9partements de la R\u00e9publique d'Haiti et en Guadeloupe (Saint-Martin \u2013 Marigot)...","rel":"","context":"Article similaire","block_context":{"text":"Article similaire","link":""},"img":{"alt_text":"","src":"https:\/\/i0.wp.com\/fmahaiti.org\/site\/wp-content\/uploads\/2024\/12\/IMG-20240201-WA0018-300x225.jpg?resize=350%2C200&ssl=1","width":350,"height":200},"classes":[]},{"id":439,"url":"https:\/\/fmahaiti.org\/site\/famille-salesienne\/","url_meta":{"origin":224,"position":3},"title":"La Famille sal\u00e9sienne","author":"fmahaiti","date":"11 mars 2021","format":false,"excerpt":"Famille aux ramifications nombreuses, la famille sal\u00e9sienne fut fond\u00e9e par Don Bosco lui-m\u00eame qui a voulu que chacune de ses composantes ait sa propre physionomie et ses propres activit\u00e9s tout en\u00a0 restant fortement unies par le partage de l\u2019esprit sal\u00e9sien, le v\u00e9cu d\u2019un m\u00eame id\u00e9al missionnaire cultivant la collaboration en\u2026","rel":"","context":"Article similaire","block_context":{"text":"Article similaire","link":""},"img":{"alt_text":"","src":"","width":0,"height":0},"classes":[]},{"id":614,"url":"https:\/\/fmahaiti.org\/site\/famille-salesienne\/anciennes\/","url_meta":{"origin":224,"position":4},"title":"Les Anciens et Anciennes \u00c9l\u00e8ves de Don Bosco","author":"fmahaiti","date":"16 mars 2021","format":false,"excerpt":"La\u00a0Conf\u00e9d\u00e9ration Mondiale des Anciennes et Anciens \u00e9l\u00e8ves des Filles de Marie-Auxiliatrice, appel\u00e9e aussi\u00a0Association par la suite, est une association la\u00efque \u00e0 but non lucratif, promue par l\u2019Institut des Filles de Marie-Auxiliatrice (ou Sal\u00e9siennes de Don Bosco). En tant que telle, elle fait partie de la Famille Sal\u00e9sienne, dans laquelle le\u2026","rel":"","context":"Article similaire","block_context":{"text":"Article similaire","link":""},"img":{"alt_text":"","src":"https:\/\/i0.wp.com\/fmahaiti.org\/site\/wp-content\/uploads\/2021\/03\/ae2018.jpg?resize=350%2C200&ssl=1","width":350,"height":200,"srcset":"https:\/\/i0.wp.com\/fmahaiti.org\/site\/wp-content\/uploads\/2021\/03\/ae2018.jpg?resize=350%2C200&ssl=1 1x, https:\/\/i0.wp.com\/fmahaiti.org\/site\/wp-content\/uploads\/2021\/03\/ae2018.jpg?resize=525%2C300&ssl=1 1.5x"},"classes":[]},{"id":602,"url":"https:\/\/fmahaiti.org\/site\/famille-salesienne\/vdb\/","url_meta":{"origin":224,"position":5},"title":"Les Volontaires de Don Bosco","author":"fmahaiti","date":"14 mars 2021","format":false,"excerpt":"Consacr\u00e9es par la profession des\u00a0conseils \u00e9vang\u00e9liques\u00a0v\u00e9cus dans le monde, elles font\u00a0v\u0153u\u00a0de chastet\u00e9, pauvret\u00e9 et ob\u00e9issance\u00a0et s\u2019engagent \u00e0 \u00eatre des t\u00e9moins de la radicalit\u00e9 de l\u2019amour, sans se distinguer des gens de leur milieu...","rel":"","context":"Article similaire","block_context":{"text":"Article similaire","link":""},"img":{"alt_text":"","src":"","width":0,"height":0},"classes":[]}],"_links":{"self":[{"href":"https:\/\/fmahaiti.org\/site\/wp-json\/wp\/v2\/pages\/224","targetHints":{"allow":["GET"]}}],"collection":[{"href":"https:\/\/fmahaiti.org\/site\/wp-json\/wp\/v2\/pages"}],"about":[{"href":"https:\/\/fmahaiti.org\/site\/wp-json\/wp\/v2\/types\/page"}],"author":[{"embeddable":true,"href":"https:\/\/fmahaiti.org\/site\/wp-json\/wp\/v2\/users\/1"}],"replies":[{"embeddable":true,"href":"https:\/\/fmahaiti.org\/site\/wp-json\/wp\/v2\/comments?post=224"}],"version-history":[{"count":3,"href":"https:\/\/fmahaiti.org\/site\/wp-json\/wp\/v2\/pages\/224\/revisions"}],"predecessor-version":[{"id":566,"href":"https:\/\/fmahaiti.org\/site\/wp-json\/wp\/v2\/pages\/224\/revisions\/566"}],"up":[{"embeddable":true,"href":"https:\/\/fmahaiti.org\/site\/wp-json\/wp\/v2\/pages\/213"}],"wp:attachment":[{"href":"https:\/\/fmahaiti.org\/site\/wp-json\/wp\/v2\/media?parent=224"}],"curies":[{"name":"wp","href":"https:\/\/api.w.org\/{rel}","templated":true}]}}

<h5><strong>JEAN BOSCO [1815-1888]</strong></h5>
<p><img data-recalc-dims="1" decoding="async" class="alignleft size-full wp-image-27" src="https://i0.wp.com/fmahaiti.org/images/mini-bosco.jpeg?w=843&#038;ssl=1" alt="minibosc" />A l’origine de l’histoire salésienne nous trouvons l`amour de Don Bosco pour les jeunes pauvres et abandonnés. Cet amour est à la fois le fruit d’un appel mystérieux de Dieu à travers le songe de neuf ans, mais aussi d`un développement spirituel et pastoral.</p>
<p>Jean Bosco, communément appelé, Don Bosco, naquît le 16 Août 1815 aux Becchi de Castelnuovo d’Asti, un village perché sur une des collines environnant Turin. Orphelin de père à l’âge de deux ans, sa maman Marguerite, paysanne remplie de sagesse chrétienne, devint non seulement la personne veillant à son développement physique, mais aussi l’une des premières présences chargées par la Providence de l’aider à persévérer dans sa vocation au milieu de conditions particulièrement difficiles.<span id="more-26"></span></p>
<p>En 1835, Jean Bosco entra au séminaire et est ordonné prêtre le 5 Juin 1841. Pendant ses années de séminaire il apprit à devenir un homme de Dieu pour les âmes et rien d`autres (da mihi animas). Il fit également la découverte des jeunes pauvres à travers, d’abord la visite aux prisons de Turin qui le remplit d`horreur, et ensuite durant sa rencontre avec l’orphelin Bathélemy Garelli dans la sacristie de l`Eglise de St François d’Assise le 8 Décembre 1841. D’un acte providentiel à un autre, Jean Bosco s’affermit dans son choix de prédilection pour les jeunes avec une modalité préventive.</p>
<p>La fondation des Salésiens (reconnus par le Saint-Siège en 1864 et dont les Constitutions on été approuvées en 1874) et des Filles de Marie Auxiliatrice sont donc des expressions palpitantes de sa réponse d’amour à Celui qui, à travers La Très Sainte Vierge Marie, l’a appelé à être le guide et maître des jeunes livrés à eux mêmes.</p>
<p>A sa mort survenue le 31 Janvier 1888, Don Bosco laissa une famille religieuse florissante comprenant 773 salésiens et 393 Filles de Marie Auxiliatrice.</p>
<p>L’Église reconnut officiellement avoir pris note de sa sainteté quand, quelques deux ans après sa mort, elle entama le procès de sa canonisation qui, en passant par sa béatification en 1929, déboucha, le 1er. Avril 1934 dans la grandiose cérémonie de canonisation.</p>
<p>&nbsp;</p>
<h5><strong>MARIE DOMINIQUE MAZZARELLO [1837-1881]</strong></h5>
<p><img data-recalc-dims="1" loading="lazy" decoding="async" class="alignleft wp-image-50" src="https://i0.wp.com/fmahaiti.org/images/mazzarello.jpg?resize=183%2C203&#038;ssl=1" alt="Photo de Dominique Mazzarello" width="183" height="203" />Si Don Bosco a reçu l’inspiration de l’Institut des Filles de Marie Auxiliatrice et créa leur formule de vie en suscitant et en organisant les premières communautés, il n’en a pas pour autant fait l’expérience de la vie salésienne au féminin.Cette expérience revint à Marie Dominique Mazzarello et aux soeurs salésiennes.<br />
Marie Dominique Mazzarello Marie Dominique naquit le 9 Mai 1837 à Mornèse Italie dans une famille de paysans profondément chrétenne. Dès son jeune âge, elle manifesta un tempérement fort, dynamique et réaliste. Son manque d`instruction du début a été largement suppléé par son don d’organisation et son esprit d’initiative.<br />
A quinze ans, elle se consacra à Dieu en adhérant à la Pieuse Union de Marie Immaculée où elle se distingua par son zèle. A vingt-cinq, à peine guérie de la typhus, elle mit sur pied avec deux compagnes une oeuvre qui semblait de près à celle de Don Bosco.</p>
<p>L’arrivée de ce dernier à Mornèse le 8 Octobre 1864 provoqua chez Marie Dominique une impression extraordinaire. En 1867, elle quitta sa famille pour la maison de l’immaculée où fonctionnèrent l’ouvroir et le patronnage festif qu’elle avait fondés. Dans cette nouvelle ambiance, Marie Dominique eut l’opportunité de vivre l’idéal salésien. Elle s’adhèrera, par la suite, pleinement à l’intention de Don Bosco de créer un institut religieux qui prendrait soin exclusivement des jeunes filles. Cette intention se traduira en acte quand le 5 Aoùt 1872, elle et 15 autres compagnes émettront les premiers voeux. Elle sera élue supérieure générale du nouvel institut.</p>
<p>Quoiqu’ayant une une vie courte, Marie Dominique a pu voir fleurir et répandre son oeuvre en d’autres parts d’Italie, en France et s’établir en Amérique du Sud. Elle a été béatifiée le 20 Novembre 1938 et proclamée sainte le 24 Juin 1951.</p>

<p>Profils de nos fondateurs: Saint Jean Bosco, le 16 aout 1815, dans un petit village près de Turin (Italie) et décédé le 31 janvier 1888 à Turin, et Sainte Marie Dominique Mazzarello, née le 9 mai 1837 à Mornese (Italie) et décédée le 14 mai 1881 à Nizza Monferrato (Italie)&#8230;</p>

Page sur l'origine des Filles de Marie Auxiliatrice, une congrégation de droit pontifical, pour l'éducation de la jeunesse, fondée en Italie par Saint Jean Bosco (1815-1888) et Sainte Marie Dominique Mazzarello ( 1837-1872). Les Filles de Marie Auxiliatrice sont surtout connues en Haiti sous le nom de « Sœurs Salésiennes »...

Les Salésiens de Don Bosco

Membres d’un institut religieux de droit pontifical, consacré aux œuvres apostoliques fondé par Saint Jean Bosco le 8 décembre 1859 à Turin (Italie) avec 17 jeunes désireux de se consacrer à Dieu tout en s’adonnant à l’éducation de jeunes pauvres et abandonnés...

Nos Communautés

Les Filles de Marie Auxiliatrice d’Haïti animent 18 communautés éducatives avec une présence dans 8 des 10 départements de la République d'Haiti et en Guadeloupe (Saint-Martin – Marigot)...

La Famille salésienne

Famille aux ramifications nombreuses, la famille salésienne fut fondée par Don Bosco lui-même qui a voulu que chacune de ses composantes ait sa propre physionomie et ses propres activités tout en  restant fortement unies par le partage de l’esprit salésien, le vécu d’un même idéal missionnaire cultivant la collaboration en…

Les Anciens et Anciennes Élèves de Don Bosco

La Confédération Mondiale des Anciennes et Anciens élèves des Filles de Marie-Auxiliatrice, appelée aussi Association par la suite, est une association laïque à but non lucratif, promue par l’Institut des Filles de Marie-Auxiliatrice (ou Salésiennes de Don Bosco). En tant que telle, elle fait partie de la Famille Salésienne, dans laquelle le…

Consacrées par la profession des conseils évangéliques vécus dans le monde, elles font vœu de chasteté, pauvreté et obéissance et s’engagent à être des témoins de la radicalité de l’amour, sans se distinguer des gens de leur milieu...
