{"id":1085,"date":"2021-04-05T13:16:36","date_gmt":"2021-04-05T17:16:36","guid":{"rendered":"https:\/\/fmahaiti.org\/site\/?page_id=1085"},"modified":"2021-08-08T11:05:51","modified_gmt":"2021-08-08T15:05:51","slug":"projet-educatif-ensemble-nous-pouvons","status":"publish","type":"page","link":"https:\/\/fmahaiti.org\/site\/education\/projet-educatif-ensemble-nous-pouvons\/","title":{"rendered":"Projet \u00e9ducatif \u00ab\u00a0Ensemble nous pouvons\u00a0\u00bb"},"content":{"rendered":"<p><a href=\"https:\/\/fmahaiti.org\/site\/education\/pacte-educatif-global\/\"><img data-recalc-dims=\"1\" loading=\"lazy\" decoding=\"async\" class=\"wp-image-1967 size-full aligncenter\" src=\"https:\/\/i0.wp.com\/fmahaiti.org\/site\/wp-content\/uploads\/2021\/08\/logocombine.jpg?resize=843%2C264&#038;ssl=1\" alt=\"\" width=\"843\" height=\"264\" srcset=\"https:\/\/i0.wp.com\/fmahaiti.org\/site\/wp-content\/uploads\/2021\/08\/logocombine.jpg?w=2332&amp;ssl=1 2332w, https:\/\/i0.wp.com\/fmahaiti.org\/site\/wp-content\/uploads\/2021\/08\/logocombine.jpg?resize=300%2C94&amp;ssl=1 300w, https:\/\/i0.wp.com\/fmahaiti.org\/site\/wp-content\/uploads\/2021\/08\/logocombine.jpg?resize=1024%2C320&amp;ssl=1 1024w, https:\/\/i0.wp.com\/fmahaiti.org\/site\/wp-content\/uploads\/2021\/08\/logocombine.jpg?resize=768%2C240&amp;ssl=1 768w, https:\/\/i0.wp.com\/fmahaiti.org\/site\/wp-content\/uploads\/2021\/08\/logocombine.jpg?resize=1536%2C480&amp;ssl=1 1536w, https:\/\/i0.wp.com\/fmahaiti.org\/site\/wp-content\/uploads\/2021\/08\/logocombine.jpg?resize=2048%2C640&amp;ssl=1 2048w, https:\/\/i0.wp.com\/fmahaiti.org\/site\/wp-content\/uploads\/2021\/08\/logocombine.jpg?w=1686&amp;ssl=1 1686w\" sizes=\"auto, (max-width: 843px) 100vw, 843px\" \/><\/a><\/p>\n<p style=\"text-align: center;\"><strong>JE PEUX &#8211; ENSEMBLE NOUS POUVONS<\/strong><\/p>\n<p style=\"text-align: center;\"><strong>Un projet pour vivre \u00ab\u00a0Laudato S\u00ec\u00a0\u00bb: Prendre soin de la maison commune\u00a0<\/strong><\/p>\n<p style=\"text-align: center;\"><img data-recalc-dims=\"1\" loading=\"lazy\" decoding=\"async\" class=\"alignnone wp-image-1243\" src=\"https:\/\/i0.wp.com\/fmahaiti.org\/site\/wp-content\/uploads\/2021\/04\/novice2.jpg?resize=502%2C283&#038;ssl=1\" alt=\"\" width=\"502\" height=\"283\" srcset=\"https:\/\/i0.wp.com\/fmahaiti.org\/site\/wp-content\/uploads\/2021\/04\/novice2.jpg?resize=300%2C169&amp;ssl=1 300w, https:\/\/i0.wp.com\/fmahaiti.org\/site\/wp-content\/uploads\/2021\/04\/novice2.jpg?resize=768%2C432&amp;ssl=1 768w, https:\/\/i0.wp.com\/fmahaiti.org\/site\/wp-content\/uploads\/2021\/04\/novice2.jpg?w=1008&amp;ssl=1 1008w\" sizes=\"auto, (max-width: 502px) 100vw, 502px\" \/><\/p>\n<p><strong><em>Nous nous engageons \u00e0 suivre ce chemin parce que\u2026<\/em><\/strong><\/p>\n<ul>\n<li><strong><em>nous sommes des \u00e9ducatrices et des \u00e9ducateurs: <\/em><\/strong>L\u2019EDUCATION est appel\u00e9e \u00e0 cr\u00e9er une citoyennet\u00e9 \u00e9cologique en assumant l\u2019engagement de sauvegarder la cr\u00e9ation par de petites actions quotidiennes et en faisant m\u00fbrir des habitudes et des motivations jusqu&rsquo;\u00e0 donner forme \u00e0 un style de vie qui favorise la transformation personnelle et sociale. (Cfr. <em>Laudato si<\/em>\u2019, 211)<\/li>\n<li><strong><em><strong style=\"font-style: normal;\"><em><img data-recalc-dims=\"1\" loading=\"lazy\" decoding=\"async\" class=\"wp-image-1236 aligncenter\" style=\"font-style: normal; font-weight: 400;\" src=\"https:\/\/i0.wp.com\/fmahaiti.org\/site\/wp-content\/uploads\/2021\/04\/IMG_20190113_121226.jpg?resize=370%2C277&#038;ssl=1\" alt=\"\" width=\"370\" height=\"277\" srcset=\"https:\/\/i0.wp.com\/fmahaiti.org\/site\/wp-content\/uploads\/2021\/04\/IMG_20190113_121226-scaled.jpg?resize=300%2C225&amp;ssl=1 300w, https:\/\/i0.wp.com\/fmahaiti.org\/site\/wp-content\/uploads\/2021\/04\/IMG_20190113_121226-scaled.jpg?resize=1024%2C768&amp;ssl=1 1024w, https:\/\/i0.wp.com\/fmahaiti.org\/site\/wp-content\/uploads\/2021\/04\/IMG_20190113_121226-scaled.jpg?resize=768%2C576&amp;ssl=1 768w, https:\/\/i0.wp.com\/fmahaiti.org\/site\/wp-content\/uploads\/2021\/04\/IMG_20190113_121226-scaled.jpg?resize=1536%2C1152&amp;ssl=1 1536w, https:\/\/i0.wp.com\/fmahaiti.org\/site\/wp-content\/uploads\/2021\/04\/IMG_20190113_121226-scaled.jpg?resize=2048%2C1536&amp;ssl=1 2048w, https:\/\/i0.wp.com\/fmahaiti.org\/site\/wp-content\/uploads\/2021\/04\/IMG_20190113_121226-scaled.jpg?w=1686&amp;ssl=1 1686w, https:\/\/i0.wp.com\/fmahaiti.org\/site\/wp-content\/uploads\/2021\/04\/IMG_20190113_121226-scaled.jpg?w=2529&amp;ssl=1 2529w\" sizes=\"auto, (max-width: 370px) 100vw, 370px\" \/><\/em><\/strong>nous vivons le charisme dans la fid\u00e9lit\u00e9 et avec cr\u00e9ativit\u00e9<\/em><\/strong>: \u00c9duquer \u00e0 une citoyennet\u00e9 \u00e9cologique signifie, non seulement \u00eatre ouverts \u00e0 accueillir la diversit\u00e9 humaine et se sentir responsables de l\u2019environnement social, mais aussi \u00e9duquer au respect de la nature dans son ensemble. Il s\u2019agit de devenir des artisans de communion et de paix en appartenant \u00e0 l\u2019unique famille humaine, responsables de ses propres actions \u00e0 l\u2019\u00e9gard de la cr\u00e9ation. (Cfr. M\u00e8re Yvonne Reungoat FMA, <em>Circulaire<\/em> 961)<\/li>\n<\/ul>\n<p style=\"text-align: center;\"><img data-recalc-dims=\"1\" loading=\"lazy\" decoding=\"async\" class=\"wp-image-1244 aligncenter\" src=\"https:\/\/i0.wp.com\/fmahaiti.org\/site\/wp-content\/uploads\/2021\/04\/NOVICES1.jpg?resize=428%2C241&#038;ssl=1\" alt=\"\" width=\"428\" height=\"241\" srcset=\"https:\/\/i0.wp.com\/fmahaiti.org\/site\/wp-content\/uploads\/2021\/04\/NOVICES1.jpg?resize=300%2C169&amp;ssl=1 300w, https:\/\/i0.wp.com\/fmahaiti.org\/site\/wp-content\/uploads\/2021\/04\/NOVICES1.jpg?resize=768%2C432&amp;ssl=1 768w, https:\/\/i0.wp.com\/fmahaiti.org\/site\/wp-content\/uploads\/2021\/04\/NOVICES1.jpg?w=1008&amp;ssl=1 1008w\" sizes=\"auto, (max-width: 428px) 100vw, 428px\" \/><\/p>\n<ul>\n<li><strong><em>avec les jeunes et pour les jeunes<\/em>:<\/strong> \u201c Les jeunes exigent de nous un changement. Ils se demandent comment est-il possible de pr\u00e9tendre construire un avenir meilleur sans penser \u00e0 la crise de l\u2019environnement et aux souffrances des exclus.\u201d (<em>Laudato si<\/em>\u2019, 13)<\/li>\n<\/ul>\n<p><img data-recalc-dims=\"1\" loading=\"lazy\" decoding=\"async\" class=\"wp-image-1245 aligncenter\" src=\"https:\/\/i0.wp.com\/fmahaiti.org\/site\/wp-content\/uploads\/2021\/04\/CollEge-Marie-Dominique-Mazzarello-CMDM.jpg?resize=403%2C302&#038;ssl=1\" alt=\"\" width=\"403\" height=\"302\" srcset=\"https:\/\/i0.wp.com\/fmahaiti.org\/site\/wp-content\/uploads\/2021\/04\/CollEge-Marie-Dominique-Mazzarello-CMDM.jpg?resize=300%2C225&amp;ssl=1 300w, https:\/\/i0.wp.com\/fmahaiti.org\/site\/wp-content\/uploads\/2021\/04\/CollEge-Marie-Dominique-Mazzarello-CMDM.jpg?resize=768%2C576&amp;ssl=1 768w, https:\/\/i0.wp.com\/fmahaiti.org\/site\/wp-content\/uploads\/2021\/04\/CollEge-Marie-Dominique-Mazzarello-CMDM.jpg?w=825&amp;ssl=1 825w\" sizes=\"auto, (max-width: 403px) 100vw, 403px\" \/><\/p>\n<p style=\"text-align: center;\">POUR QUE TOUS AIENT LA VIE EN ABONDANCE<\/p>\n<p>Pour approfondir:<\/p>\n<p><a href=\"https:\/\/fmahaiti.org\/site\/wp-content\/uploads\/2021\/04\/Ensemble-nous-pouvons_fra.pdf\"><img data-recalc-dims=\"1\" loading=\"lazy\" decoding=\"async\" class=\"alignnone wp-image-1193\" src=\"https:\/\/i0.wp.com\/fmahaiti.org\/site\/wp-content\/uploads\/2021\/04\/cahier.jpg?resize=29%2C29&#038;ssl=1\" alt=\"\" width=\"29\" height=\"29\" srcset=\"https:\/\/i0.wp.com\/fmahaiti.org\/site\/wp-content\/uploads\/2021\/04\/cahier.jpg?resize=300%2C300&amp;ssl=1 300w, https:\/\/i0.wp.com\/fmahaiti.org\/site\/wp-content\/uploads\/2021\/04\/cahier.jpg?resize=150%2C150&amp;ssl=1 150w, https:\/\/i0.wp.com\/fmahaiti.org\/site\/wp-content\/uploads\/2021\/04\/cahier.jpg?resize=768%2C768&amp;ssl=1 768w, https:\/\/i0.wp.com\/fmahaiti.org\/site\/wp-content\/uploads\/2021\/04\/cahier.jpg?w=980&amp;ssl=1 980w\" sizes=\"auto, (max-width: 29px) 100vw, 29px\" \/>Ensemble nous pouvons_fra<\/a><\/p>\n<p><a href=\"https:\/\/fmahaiti.org\/site\/wp-content\/uploads\/2021\/04\/Ensemble-nous-pouvons_fra.pdf\"><img data-recalc-dims=\"1\" loading=\"lazy\" decoding=\"async\" class=\"alignnone wp-image-1193\" src=\"https:\/\/i0.wp.com\/fmahaiti.org\/site\/wp-content\/uploads\/2021\/04\/cahier.jpg?resize=29%2C29&#038;ssl=1\" alt=\"\" width=\"29\" height=\"29\" srcset=\"https:\/\/i0.wp.com\/fmahaiti.org\/site\/wp-content\/uploads\/2021\/04\/cahier.jpg?resize=300%2C300&amp;ssl=1 300w, https:\/\/i0.wp.com\/fmahaiti.org\/site\/wp-content\/uploads\/2021\/04\/cahier.jpg?resize=150%2C150&amp;ssl=1 150w, https:\/\/i0.wp.com\/fmahaiti.org\/site\/wp-content\/uploads\/2021\/04\/cahier.jpg?resize=768%2C768&amp;ssl=1 768w, https:\/\/i0.wp.com\/fmahaiti.org\/site\/wp-content\/uploads\/2021\/04\/cahier.jpg?w=980&amp;ssl=1 980w\" sizes=\"auto, (max-width: 29px) 100vw, 29px\" \/><\/a><a href=\"https:\/\/fmahaiti.org\/site\/wp-content\/uploads\/2021\/04\/JE-PEUX_FR_2.pdf\">JE-PEUX_FR_2<\/a><\/p>\n<p><a href=\"https:\/\/fmahaiti.org\/site\/wp-content\/uploads\/2021\/04\/Ensemble-nous-pouvons_fra.pdf\"><img data-recalc-dims=\"1\" loading=\"lazy\" decoding=\"async\" class=\"alignnone wp-image-1193\" src=\"https:\/\/i0.wp.com\/fmahaiti.org\/site\/wp-content\/uploads\/2021\/04\/cahier.jpg?resize=29%2C29&#038;ssl=1\" alt=\"\" width=\"29\" height=\"29\" srcset=\"https:\/\/i0.wp.com\/fmahaiti.org\/site\/wp-content\/uploads\/2021\/04\/cahier.jpg?resize=300%2C300&amp;ssl=1 300w, https:\/\/i0.wp.com\/fmahaiti.org\/site\/wp-content\/uploads\/2021\/04\/cahier.jpg?resize=150%2C150&amp;ssl=1 150w, https:\/\/i0.wp.com\/fmahaiti.org\/site\/wp-content\/uploads\/2021\/04\/cahier.jpg?resize=768%2C768&amp;ssl=1 768w, https:\/\/i0.wp.com\/fmahaiti.org\/site\/wp-content\/uploads\/2021\/04\/cahier.jpg?w=980&amp;ssl=1 980w\" sizes=\"auto, (max-width: 29px) 100vw, 29px\" \/><\/a><a href=\"https:\/\/fmahaiti.org\/site\/wp-content\/uploads\/2021\/04\/1_Guide_de_lenseignant.pdf\">1_Guide_de_l&rsquo;enseignant<\/a><\/p>\n<p>&nbsp;<\/p>\n<p><a href=\"https:\/\/fmahaiti.org\/site\/wp-content\/uploads\/2021\/08\/Carte-didentite-ecole-en-Amerique.pdf\"><img data-recalc-dims=\"1\" loading=\"lazy\" decoding=\"async\" class=\"alignnone wp-image-1936 size-full\" src=\"https:\/\/i0.wp.com\/fmahaiti.org\/site\/wp-content\/uploads\/2021\/08\/carte-didentite-de-lecole-salesienne-en-Amerique.jpg?resize=843%2C367&#038;ssl=1\" alt=\"\" width=\"843\" height=\"367\" srcset=\"https:\/\/i0.wp.com\/fmahaiti.org\/site\/wp-content\/uploads\/2021\/08\/carte-didentite-de-lecole-salesienne-en-Amerique.jpg?w=952&amp;ssl=1 952w, https:\/\/i0.wp.com\/fmahaiti.org\/site\/wp-content\/uploads\/2021\/08\/carte-didentite-de-lecole-salesienne-en-Amerique.jpg?resize=300%2C131&amp;ssl=1 300w, https:\/\/i0.wp.com\/fmahaiti.org\/site\/wp-content\/uploads\/2021\/08\/carte-didentite-de-lecole-salesienne-en-Amerique.jpg?resize=768%2C335&amp;ssl=1 768w\" sizes=\"auto, (max-width: 843px) 100vw, 843px\" \/><\/a><\/p>\n","protected":false},"excerpt":{"rendered":"<p>Un projet pour vivre \u00ab Laudato S\u00ec \u00bb: Prendre soin de la maison commune:<br \/>\nNous nous engageons dans ce projet parce que nous sommes des \u00e9ducatrices et des \u00e9ducateurs qui vivons le charisme sal\u00e9sien dans la fid\u00e9lit\u00e9, avec cr\u00e9ativit\u00e9 et pour les jeunes qui r\u00eavent de construire un avenir bien meilleur&#8230;<\/p>\n","protected":false},"author":2,"featured_media":0,"parent":1038,"menu_order":2,"comment_status":"closed","ping_status":"closed","template":"","meta":{"footnotes":""},"class_list":["post-1085","page","type-page","status-publish","hentry"],"jetpack_sharing_enabled":true,"jetpack_shortlink":"https:\/\/wp.me\/PcR5kd-hv","jetpack-related-posts":[{"id":670,"url":"https:\/\/fmahaiti.org\/site\/","url_meta":{"origin":1085,"position":0},"title":"Bienvenue sur le site des FMA d&rsquo;Haiti","author":"fmahaiti","date":"3 octobre 2024","format":false,"excerpt":"Page d'accueil du site officiel des Filles de Marie Auxiliatrice ou S\u0153urs Sal\u00e9siennes de Don Bosco \u0153uvrant en Haiti et en Guadeloupe.","rel":"","context":"Article similaire","block_context":{"text":"Article similaire","link":""},"img":{"alt_text":"","src":"https:\/\/i0.wp.com\/fmahaiti.org\/site\/wp-content\/uploads\/2026\/05\/logo-reseau.png?resize=350%2C200&ssl=1","width":350,"height":200},"classes":[]},{"id":1065,"url":"https:\/\/fmahaiti.org\/site\/education\/pacte-educatif-global\/","url_meta":{"origin":1085,"position":1},"title":"Pacte \u00e9ducatif global","author":"Sr Martha Seide","date":"8 mai 2021","format":false,"excerpt":"PLAN ACTION LS PROVINCE NDS Objectis Laudato SI PROJET PACTE EDUCATIF GLOGAL POUR LEDUCATION \u00a0 Le Pape Fran\u00e7ois nous a invit\u00e9s \u00e0 plusieurs reprises et, de mani\u00e8re particuli\u00e8re, dans sa convocation, le 12 septembre 2019 et lors de sa relance, le 15 septembre 2020 \u00e0 construire le Pacte \u00c9ducatif Global\u2026","rel":"","context":"Article similaire","block_context":{"text":"Article similaire","link":""},"img":{"alt_text":"","src":"https:\/\/i0.wp.com\/fmahaiti.org\/site\/wp-content\/uploads\/2021\/08\/plan-laudato-si.jpg?resize=350%2C200&ssl=1","width":350,"height":200,"srcset":"https:\/\/i0.wp.com\/fmahaiti.org\/site\/wp-content\/uploads\/2021\/08\/plan-laudato-si.jpg?resize=350%2C200&ssl=1 1x, https:\/\/i0.wp.com\/fmahaiti.org\/site\/wp-content\/uploads\/2021\/08\/plan-laudato-si.jpg?resize=525%2C300&ssl=1 1.5x, https:\/\/i0.wp.com\/fmahaiti.org\/site\/wp-content\/uploads\/2021\/08\/plan-laudato-si.jpg?resize=700%2C400&ssl=1 2x, https:\/\/i0.wp.com\/fmahaiti.org\/site\/wp-content\/uploads\/2021\/08\/plan-laudato-si.jpg?resize=1050%2C600&ssl=1 3x"},"classes":[]},{"id":271,"url":"https:\/\/fmahaiti.org\/site\/origine\/vision\/","url_meta":{"origin":1085,"position":2},"title":"Vision","author":"fmahaiti","date":"7 mars 2021","format":false,"excerpt":"Nos communaut\u00e9s \u00e9ducatives en Ha\u00efti veulent contribuer \u00e0 la cr\u00e9ation de la culture de la vie et de l\u2019esp\u00e9rance dans une soci\u00e9t\u00e9 o\u00f9 l\u2019esp\u00e9rance de vie est faible. Nous assumons la proposition d\u2019une plus haute humanisation de la personne et de l\u2019histoire \u00e0 partir de l\u2019exp\u00e9rience chr\u00e9tienne, moyennant l\u2019\u00e9ducation...","rel":"","context":"Article similaire","block_context":{"text":"Article similaire","link":""},"img":{"alt_text":"","src":"https:\/\/i0.wp.com\/fmahaiti.org\/images\/francois-de-sales.png?resize=350%2C200&ssl=1","width":350,"height":200},"classes":[]},{"id":1190,"url":"https:\/\/fmahaiti.org\/site\/education\/bureau-pedagogique-et-de-developpement-des-fma-en-haiti\/","url_meta":{"origin":1085,"position":3},"title":"Bureau P\u00e9dagogique et de D\u00e9veloppement des FMA en Ha\u00efti","author":"Sr Martha Seide","date":"5 avril 2021","format":false,"excerpt":"Apr\u00e8s le s\u00e9isme d\u00e9vastateur du 12 janvier 2010,\u00a0 en \u00e9troite collaboration avec des Organisations telles ACTEC et Via Don Bosco, les FMA d'Haiti ont mis en place un Bureau P\u00e9dagogique et de D\u00e9veloppement. Le bureau p\u00e9dagogique a pour but de favoriser: L'am\u00e9lioration de la qualit\u00e9 de l'Enseignement, la mise \u00e0\u2026","rel":"","context":"Article similaire","block_context":{"text":"Article similaire","link":""},"img":{"alt_text":"","src":"https:\/\/i0.wp.com\/fmahaiti.org\/site\/wp-content\/uploads\/2021\/08\/logocombine.jpg?resize=350%2C200&ssl=1","width":350,"height":200,"srcset":"https:\/\/i0.wp.com\/fmahaiti.org\/site\/wp-content\/uploads\/2021\/08\/logocombine.jpg?resize=350%2C200&ssl=1 1x, https:\/\/i0.wp.com\/fmahaiti.org\/site\/wp-content\/uploads\/2021\/08\/logocombine.jpg?resize=525%2C300&ssl=1 1.5x, https:\/\/i0.wp.com\/fmahaiti.org\/site\/wp-content\/uploads\/2021\/08\/logocombine.jpg?resize=700%2C400&ssl=1 2x, https:\/\/i0.wp.com\/fmahaiti.org\/site\/wp-content\/uploads\/2021\/08\/logocombine.jpg?resize=1050%2C600&ssl=1 3x, https:\/\/i0.wp.com\/fmahaiti.org\/site\/wp-content\/uploads\/2021\/08\/logocombine.jpg?resize=1400%2C800&ssl=1 4x"},"classes":[]},{"id":1935,"url":"https:\/\/fmahaiti.org\/site\/education\/carte-didentite-de-lecole-salesienne-en-amerique\/","url_meta":{"origin":1085,"position":4},"title":"Carte d&rsquo;identit\u00e9 de l&rsquo;\u00e9cole sal\u00e9sienne en Am\u00e9rique","author":"Sr Martha Seide","date":"7 ao\u00fbt 2021","format":false,"excerpt":"L\u2019\u00c9cole Sal\u00e9sienne am\u00e9ricaine, pr\u00e9sente sur tout le continent, est compos\u00e9e des \u00e9coles des Provinces am\u00e9ricaines, organis\u00e9es en quatre r\u00e9gions: Nous d\u00e9veloppons notre mission au Canada, aux \u00c9tats-Unis d\u2019Am\u00e9rique et dans tous les pays d\u2019Am\u00e9rique latine, avec une pr\u00e9sence \u00e9ducative de plus de 900 \u00e9coles et Centres de Formation Technique professionnelle,\u2026","rel":"","context":"Article similaire","block_context":{"text":"Article similaire","link":""},"img":{"alt_text":"","src":"https:\/\/i0.wp.com\/fmahaiti.org\/site\/wp-content\/uploads\/2021\/08\/carte-didentite-de-lecole-salesienne-en-Amerique.jpg?fit=952%2C415&ssl=1&resize=350%2C200","width":350,"height":200,"srcset":"https:\/\/i0.wp.com\/fmahaiti.org\/site\/wp-content\/uploads\/2021\/08\/carte-didentite-de-lecole-salesienne-en-Amerique.jpg?fit=952%2C415&ssl=1&resize=350%2C200 1x, https:\/\/i0.wp.com\/fmahaiti.org\/site\/wp-content\/uploads\/2021\/08\/carte-didentite-de-lecole-salesienne-en-Amerique.jpg?fit=952%2C415&ssl=1&resize=525%2C300 1.5x, https:\/\/i0.wp.com\/fmahaiti.org\/site\/wp-content\/uploads\/2021\/08\/carte-didentite-de-lecole-salesienne-en-Amerique.jpg?fit=952%2C415&ssl=1&resize=700%2C400 2x"},"classes":[]},{"id":1038,"url":"https:\/\/fmahaiti.org\/site\/education\/","url_meta":{"origin":1085,"position":5},"title":"Education","author":"fmahaiti","date":"28 mars 2021","format":false,"excerpt":"La mission sal\u00e9sienne privil\u00e9gie l\u2019\u00e9ducation de ceux qui se trouvent en situation de pauvret\u00e9 et de risque.\u00a0 Pour cela, elle implique tous ceux qui sont engag\u00e9s dans la promotion de la formation int\u00e9grale. Suivant les traces de Saint Jean Bosco et Sainte Marie Dominique Mazzarello, les FMA ont toujours d\u00e9montr\u00e9\u2026","rel":"","context":"Article similaire","block_context":{"text":"Article similaire","link":""},"img":{"alt_text":"","src":"https:\/\/i0.wp.com\/fmahaiti.org\/site\/wp-content\/uploads\/2021\/08\/logocombine.jpg?resize=350%2C200&ssl=1","width":350,"height":200,"srcset":"https:\/\/i0.wp.com\/fmahaiti.org\/site\/wp-content\/uploads\/2021\/08\/logocombine.jpg?resize=350%2C200&ssl=1 1x, https:\/\/i0.wp.com\/fmahaiti.org\/site\/wp-content\/uploads\/2021\/08\/logocombine.jpg?resize=525%2C300&ssl=1 1.5x, https:\/\/i0.wp.com\/fmahaiti.org\/site\/wp-content\/uploads\/2021\/08\/logocombine.jpg?resize=700%2C400&ssl=1 2x, https:\/\/i0.wp.com\/fmahaiti.org\/site\/wp-content\/uploads\/2021\/08\/logocombine.jpg?resize=1050%2C600&ssl=1 3x, https:\/\/i0.wp.com\/fmahaiti.org\/site\/wp-content\/uploads\/2021\/08\/logocombine.jpg?resize=1400%2C800&ssl=1 4x"},"classes":[]}],"_links":{"self":[{"href":"https:\/\/fmahaiti.org\/site\/wp-json\/wp\/v2\/pages\/1085","targetHints":{"allow":["GET"]}}],"collection":[{"href":"https:\/\/fmahaiti.org\/site\/wp-json\/wp\/v2\/pages"}],"about":[{"href":"https:\/\/fmahaiti.org\/site\/wp-json\/wp\/v2\/types\/page"}],"author":[{"embeddable":true,"href":"https:\/\/fmahaiti.org\/site\/wp-json\/wp\/v2\/users\/2"}],"replies":[{"embeddable":true,"href":"https:\/\/fmahaiti.org\/site\/wp-json\/wp\/v2\/comments?post=1085"}],"version-history":[{"count":5,"href":"https:\/\/fmahaiti.org\/site\/wp-json\/wp\/v2\/pages\/1085\/revisions"}],"predecessor-version":[{"id":1978,"href":"https:\/\/fmahaiti.org\/site\/wp-json\/wp\/v2\/pages\/1085\/revisions\/1978"}],"up":[{"embeddable":true,"href":"https:\/\/fmahaiti.org\/site\/wp-json\/wp\/v2\/pages\/1038"}],"wp:attachment":[{"href":"https:\/\/fmahaiti.org\/site\/wp-json\/wp\/v2\/media?parent=1085"}],"curies":[{"name":"wp","href":"https:\/\/api.w.org\/{rel}","templated":true}]}}